{"id":37,"date":"2025-02-17T20:11:00","date_gmt":"2025-02-17T19:11:00","guid":{"rendered":"https:\/\/www.30juni2025.se\/?page_id=37"},"modified":"2025-02-17T20:39:06","modified_gmt":"2025-02-17T19:39:06","slug":"toastmaster","status":"publish","type":"page","link":"https:\/\/www.30juni2025.se\/?page_id=37","title":{"rendered":"Toastmaster"},"content":{"rendered":"\n<p>F\u00f6r middagens begivenheter s\u00e5 kommer den underbare Andreas Sylvan att h\u00e5lla i tr\u00e5darna.<\/p>\n\n\n\n<p>Han \u00e4r b\u00e5de en ordens, benens och pysslens konstn\u00e4r och vill g\u00e4rna veta om du \u00e4r intresserad av att h\u00e5lla ett tal eller g\u00f6ra n\u00e5got framf\u00f6rande under kv\u00e4llen.<\/p>\n\n\n\n<p>Han n\u00e5s p\u00e5: <a href=\"mailto:andreas@commentis.se\">andreas@comentis.se<\/a> eller \u202d+46 70-712 75 59\u202c.<\/p>\n","protected":false},"excerpt":{"rendered":"<p>F\u00f6r middagens begivenheter s\u00e5 kommer den underbare Andreas Sylvan att h\u00e5lla i tr\u00e5darna. Han \u00e4r b\u00e5de en ordens, benens och<\/p>\n<p><a href=\"https:\/\/www.30juni2025.se\/?page_id=37\" class=\"more-link\">Forts\u00e4tt l\u00e4sa<span class=\"screen-reader-text\">Toastmaster<\/span><\/a><\/p>\n","protected":false},"author":1,"featured_media":0,"parent":0,"menu_order":0,"comment_status":"closed","ping_status":"closed","template":"","meta":{"footnotes":""},"class_list":["post-37","page","type-page","status-publish","hentry"],"_links":{"self":[{"href":"https:\/\/www.30juni2025.se\/index.php?rest_route=\/wp\/v2\/pages\/37","targetHints":{"allow":["GET"]}}],"collection":[{"href":"https:\/\/www.30juni2025.se\/index.php?rest_route=\/wp\/v2\/pages"}],"about":[{"href":"https:\/\/www.30juni2025.se\/index.php?rest_route=\/wp\/v2\/types\/page"}],"author":[{"embeddable":true,"href":"https:\/\/www.30juni2025.se\/index.php?rest_route=\/wp\/v2\/users\/1"}],"replies":[{"embeddable":true,"href":"https:\/\/www.30juni2025.se\/index.php?rest_route=%2Fwp%2Fv2%2Fcomments&post=37"}],"version-history":[{"count":5,"href":"https:\/\/www.30juni2025.se\/index.php?rest_route=\/wp\/v2\/pages\/37\/revisions"}],"predecessor-version":[{"id":54,"href":"https:\/\/www.30juni2025.se\/index.php?rest_route=\/wp\/v2\/pages\/37\/revisions\/54"}],"wp:attachment":[{"href":"https:\/\/www.30juni2025.se\/index.php?rest_route=%2Fwp%2Fv2%2Fmedia&parent=37"}],"curies":[{"name":"wp","href":"https:\/\/api.w.org\/{rel}","templated":true}]}}